ghest common divisor of 342 and 42317388?
18
Calculate the greatest common factor of 687482 and 96258.
526
What is the greatest common divisor of 2247437 and 1492535?
2467
What is the greatest common divisor of 29927220 and 240?
60
Calculate the highest common factor of 442931976 and 828.
828
Calculate the greatest common divisor of 3717848 and 5960.
1192
What is the greatest common factor of 2565 and 433110?
15
Calculate the greatest common factor of 2464 and 84448.
224
Calculate the highest common factor of 1391 and 194387221.
107
Calculate the greatest common divisor of 944 and 9490622.
118
What is the greatest common divisor of 607159630 and 4180?
2090
What is the highest common factor of 8736 and 4525326?
78
What is the greatest common factor of 470 and 65600955?
235
Calculate the highest common factor of 16 and 1441168.
16
Calculate the highest common divisor of 78640231 and 55190.
5519
Calculate the greatest common divisor of 1421924 and 688.
172
What is the highest common factor of 287895 and 95115?
255
What is the greatest common divisor of 2740437 and 11529?
63
Calculate the greatest common factor of 6722 and 436600622.
6722
What is the greatest common divisor of 45 and 118249845?
15
Calculate the greatest common divisor of 29732902 and 6641.
229
What is the greatest common divisor of 28204 and 739073?
641
What is the highest common divisor of 27859480 and 1760?
440
What is the greatest common divisor of 24780 and 681660?
420
What is the highest common divisor of 47 and 715199?
47
What is the greatest common factor of 123312970 and 110?
110
What is the highest common divisor of 55 and 11012793?
11
Calculate the highest common factor of 4521483 and 13356.
477
Calculate the highest common factor of 1668 and 418260.
12
Calculate the highest common factor of 1547 and 624818.
17
Calculate the greatest common factor of 365972035 and 5577.
1859
Calculate the highest common factor of 20914368 and 768.
192
What is the greatest common factor of 3522 and 106730688?
3522
What is the highest common divisor of 856 and 299042423?
107
Calculate the greatest common factor of 592871904 and 3624.
3624
Calculate the greatest common divisor of 7237 and 1231.
1
Calculate the greatest common factor of 102665 and 380.
5
What is the greatest common factor of 35 and 93910915?
35
Calculate the greatest common factor of 1915979 and 68666.
247
What is the greatest common factor of 1 and 6265748?
1
What is the highest common divisor of 401 and 6898403?
401
What is the highest common divisor of 4592725 and 280?
5
What is the greatest common divisor of 306 and 14122716?
102
What is the greatest common factor of 53198115 and 615?
615
What is the greatest common factor of 56154 and 470694?
294
What is the greatest common factor of 350 and 21691859?
7
Calculate the greatest common divisor of 79840 and 9580.
20
Calculate the greatest common factor of 6279 and 191751.
483
What is the highest common factor of 8139171 and 483?
69
What is the greatest common factor of 191201 and 4018129?
727
What is the greatest common divisor of 868 and 276788?
4
What is the highest common divisor of 61595 and 76835?
635
Calculate the highest common divisor of 33845 and 238770.
35
Calculate the greatest common divisor of 475922544 and 7584.
3792
Calculate the highest common factor of 95580020 and 410.
410
Calculate the highest common divisor of 518 and 16616663.
259
Calculate the greatest common divisor of 23 and 15826599.
23
Calculate the greatest common divisor of 4316040161 and 43.
43
What is the greatest common divisor of 8580 and 6318?
78
Calculate the greatest common factor of 430053 and 3705.
39
Calculate the highest common factor of 2189 and 2611875.
199
Calculate the highest common factor of 19467503 and 358.
179
Calculate the highest common factor of 3975 and 2861205.
795
Calculate the greatest common divisor of 47016172 and 1091748.
8876
Calculate the highest common factor of 1499168 and 36344.
88
Calculate the greatest common divisor of 39571850 and 28400.
3550
What is the greatest common factor of 530 and 925310?
10
What is the greatest common divisor of 106827 and 525?
21
What is the highest common factor of 18739 and 16548?
7
Calculate the greatest common factor of 43977723 and 3939.
303
Calculate the greatest common factor of 961955 and 85.
5
Calculate the highest common factor of 234975 and 57840.
3615
Calculate the highest common divisor of 167255247 and 3.
3
Calculate the highest common divisor of 490 and 82087544.
98
What is the greatest common factor of 21768 and 622392?
24
What is the greatest common factor of 875582 and 32?
2
Calculate the greatest common factor of 46393740 and 1382.
1382
What is the highest common factor of 35185 and 13473065?
155
Calculate the highest common factor of 3207913396 and 11917.
11917
Calculate the greatest common divisor of 9612820 and 14.
14
What is the greatest common divisor of 42718 and 229541?
13
What is the greatest common factor of 403634476 and 8456?
4228
Calculate the greatest common divisor of 1386 and 941654.
14
Calculate the highest common factor of 306176 and 520000.
832
What is the greatest common factor of 10185 and 9648105?
1455
What is the greatest common factor of 5563 and 11094?
1
What is the highest common divisor of 108 and 53603748?
108
What is the greatest common divisor of 109638648 and 8127?
2709
What is the highest common divisor of 261051 and 819?
21
Calculate the greatest common factor of 81936 and 5993277.
1707
Calculate the greatest common factor of 43206806 and 3921.
1307
Calculate the greatest common divisor of 52 and 451967438.
26
What is the highest common factor of 93 and 176591593?
31
Calculate the greatest common divisor of 38673149 and 276177.
8369
Calculate the highest common divisor of 162 and 237399174.
162
Calculate the greatest common divisor of 118926547 and 37.
37
What is the greatest common divisor of 1095 and 200823?
219
What is the highest common factor of 226058865 and 1140?
285
What is the highest common factor of 332 and 26518204?
4
What is the greatest common divisor of 26 and 327816697?
13
Calculate the greatest common factor of 40140 and 14045.
5
What is the highest common factor of 133356 and 120144?
12
Calculate the greatest common divisor of 4128922 and 49.
7
Calculate the greatest common factor of 14266915 and 65.
65
What is the greatest common divisor of 29045 and 556565?
785
What is the greatest common factor of 506 and 6281286?
22
Calculate the highest common factor of 60272886 and 8028.
1338
Calculate the highest common factor of 1781460950 and 593.
593
What is the highest common divisor of 49481612 and 8?
4
Calculate the greatest common divisor of 223696 and 112816.
176
What is the greatest common factor of 174 and 644235?
87
What is the highest common factor of 49341382 and 86?
86
What is the highest common factor of 85 and 1032478?
17
What is the highest common divisor of 2301697 and 6?
1
What is the greatest common divisor of 44 and 917086?
2
Calculate the highest common factor of 910 and 195036660.
910
What is the highest common divisor of 24 and 17787849?
3
What is the greatest common factor of 14 and 38370661?
7
Calculate the greatest common factor of 15518327 and 451.
11
Calculate the highest common divisor of 90301910 and 14106.
4702
What is the highest common divisor of 1449080 and 712?
8
Calculate the greatest common factor of 1350695 and 88335.
755
What is the greatest common divisor of 154 and 21516110?
154
What is the highest common divisor of 92 and 409968?
4
Calculate the greatest common factor of 154967525 and 3775.
3775
What is the highest common factor of 31780743 and 4847?
37
Calculate the greatest common factor of 172753 and 190994.
1073
Calculate the highest common factor of 1676412 and 882.
18
What is the highest common factor of 16067888 and 3232?
1616
Calculate the highest common factor of 1022256425 and 100.
25
What is the greatest common factor of 440 and 6735531?
11
Calculate the highest common factor of 27855 and 25560.
45
What is the greatest common factor of 6623 and 83953?
37
Calculate the greatest common factor of 3908789 and 1172191.
4457
Calculate the greatest common divisor of 8682733 and 3995.
799
Calculate the highest common divisor